{"id":1983,"date":"2022-01-24T20:32:31","date_gmt":"2022-01-24T19:32:31","guid":{"rendered":"http:\/\/localhost:8080\/leuna7\/?page_id=1983"},"modified":"2024-09-05T10:38:41","modified_gmt":"2024-09-05T08:38:41","slug":"impressum","status":"publish","type":"page","link":"https:\/\/leunaer7.de\/home\/impressum\/","title":{"rendered":"Impressum"},"content":{"rendered":"\t\t<div data-elementor-type=\"wp-page\" data-elementor-id=\"1983\" class=\"elementor elementor-1983\" data-elementor-post-type=\"page\">\n\t\t\t\t\t\t<section class=\"elementor-section elementor-top-section elementor-element elementor-element-78993b6 elementor-section-boxed elementor-section-height-default elementor-section-height-default exad-glass-effect-no exad-sticky-section-no\" data-id=\"78993b6\" data-element_type=\"section\" data-e-type=\"section\">\n\t\t\t\t\t\t<div class=\"elementor-container elementor-column-gap-default\">\n\t\t\t\t\t<div class=\"elementor-column elementor-col-100 elementor-top-column elementor-element elementor-element-82a0ba exad-glass-effect-no exad-sticky-section-no\" data-id=\"82a0ba\" data-element_type=\"column\" data-e-type=\"column\">\n\t\t\t<div class=\"elementor-widget-wrap elementor-element-populated\">\n\t\t\t\t\t\t<div class=\"elementor-element elementor-element-21e51e46 exad-sticky-section-no exad-glass-effect-no elementor-widget elementor-widget-heading\" data-id=\"21e51e46\" data-element_type=\"widget\" data-e-type=\"widget\" data-widget_type=\"heading.default\">\n\t\t\t\t\t<h2 class=\"elementor-heading-title elementor-size-default\">IMPRESSUM<\/h2>\t\t\t\t<\/div>\n\t\t\t\t<div class=\"elementor-element elementor-element-3a95ecb3 elementor-widget-divider--view-line exad-sticky-section-no exad-glass-effect-no elementor-widget elementor-widget-divider\" data-id=\"3a95ecb3\" data-element_type=\"widget\" data-e-type=\"widget\" data-widget_type=\"divider.default\">\n\t\t\t\t\t\t\t<div class=\"elementor-divider\">\n\t\t\t<span class=\"elementor-divider-separator\">\n\t\t\t\t\t\t<\/span>\n\t\t<\/div>\n\t\t\t\t\t\t<\/div>\n\t\t\t\t\t<\/div>\n\t\t<\/div>\n\t\t\t\t\t<\/div>\n\t\t<\/section>\n\t\t\t\t<section class=\"elementor-section elementor-top-section elementor-element elementor-element-e221c11 elementor-section-boxed elementor-section-height-default elementor-section-height-default exad-glass-effect-no exad-sticky-section-no\" data-id=\"e221c11\" data-element_type=\"section\" data-e-type=\"section\">\n\t\t\t\t\t\t<div class=\"elementor-container elementor-column-gap-default\">\n\t\t\t\t\t<div class=\"elementor-column elementor-col-100 elementor-top-column elementor-element elementor-element-948589b exad-glass-effect-no exad-sticky-section-no\" data-id=\"948589b\" data-element_type=\"column\" data-e-type=\"column\">\n\t\t\t<div class=\"elementor-widget-wrap elementor-element-populated\">\n\t\t\t\t\t\t<div class=\"elementor-element elementor-element-6af5a27 exad-sticky-section-no exad-glass-effect-no elementor-widget elementor-widget-heading\" data-id=\"6af5a27\" data-element_type=\"widget\" data-e-type=\"widget\" data-widget_type=\"heading.default\">\n\t\t\t\t\t<h2 class=\"elementor-heading-title elementor-size-default\">Impressum<\/h2>\t\t\t\t<\/div>\n\t\t\t\t\t<\/div>\n\t\t<\/div>\n\t\t\t\t\t<\/div>\n\t\t<\/section>\n\t\t\t\t<section class=\"elementor-section elementor-top-section elementor-element elementor-element-f492e63 elementor-section-boxed elementor-section-height-default elementor-section-height-default exad-glass-effect-no exad-sticky-section-no\" data-id=\"f492e63\" data-element_type=\"section\" data-e-type=\"section\">\n\t\t\t\t\t\t<div class=\"elementor-container elementor-column-gap-default\">\n\t\t\t\t\t<div class=\"elementor-column elementor-col-100 elementor-top-column elementor-element elementor-element-fc9bab8 exad-glass-effect-no exad-sticky-section-no\" data-id=\"fc9bab8\" data-element_type=\"column\" data-e-type=\"column\">\n\t\t\t<div class=\"elementor-widget-wrap elementor-element-populated\">\n\t\t\t\t\t\t<div class=\"elementor-element elementor-element-f3de717 exad-sticky-section-no exad-glass-effect-no elementor-widget elementor-widget-spacer\" data-id=\"f3de717\" data-element_type=\"widget\" data-e-type=\"widget\" data-widget_type=\"spacer.default\">\n\t\t\t\t\t\t\t<div class=\"elementor-spacer\">\n\t\t\t<div class=\"elementor-spacer-inner\"><\/div>\n\t\t<\/div>\n\t\t\t\t\t\t<\/div>\n\t\t\t\t\t<\/div>\n\t\t<\/div>\n\t\t\t\t\t<\/div>\n\t\t<\/section>\n\t\t\t\t<section class=\"elementor-section elementor-top-section elementor-element elementor-element-4214716 elementor-section-content-middle elementor-section-boxed elementor-section-height-default elementor-section-height-default exad-glass-effect-no exad-sticky-section-no\" data-id=\"4214716\" data-element_type=\"section\" data-e-type=\"section\" data-settings=\"{&quot;background_background&quot;:&quot;classic&quot;}\">\n\t\t\t\t\t\t<div class=\"elementor-container elementor-column-gap-no\">\n\t\t\t\t\t<div class=\"elementor-column elementor-col-50 elementor-top-column elementor-element elementor-element-73fe4264 exad-glass-effect-no exad-sticky-section-no\" data-id=\"73fe4264\" data-element_type=\"column\" data-e-type=\"column\" data-settings=\"{&quot;background_background&quot;:&quot;classic&quot;}\">\n\t\t\t<div class=\"elementor-widget-wrap elementor-element-populated\">\n\t\t\t\t\t\t<div class=\"elementor-element elementor-element-5dc69e1b exad-sticky-section-no exad-glass-effect-no elementor-widget elementor-widget-text-editor\" data-id=\"5dc69e1b\" data-element_type=\"widget\" data-e-type=\"widget\" data-widget_type=\"text-editor.default\">\n\t\t\t\t\t\t\t\t\t<p>Betreiber gem\u00e4\u00df \u00a75 TM<\/p>\t\t\t\t\t\t\t\t<\/div>\n\t\t\t\t<div class=\"elementor-element elementor-element-79576f8 exad-sticky-section-no exad-glass-effect-no elementor-widget elementor-widget-text-editor\" data-id=\"79576f8\" data-element_type=\"widget\" data-e-type=\"widget\" data-widget_type=\"text-editor.default\">\n\t\t\t\t\t\t\t\t\t<p><b>BIB GmbH &amp; Co. KG<br \/><\/b>Ahornweg 6\u00a0<br \/>D &#8211; 88436 Eberhardzell<br \/>Vertreten durch:<br \/>BIB Komplement\u00e4r GmbH, Gesch\u00e4ftsf\u00fchrer Rainer Mayerhofer<br \/>Umsatzsteuer-ID-Nr.:<br \/>DE281079016<br \/>Registereintrag:<br \/>Eintragung im Handelsregister, Amtsgericht Ulm (HRA 722732).<\/p>\t\t\t\t\t\t\t\t<\/div>\n\t\t\t\t\t<\/div>\n\t\t<\/div>\n\t\t\t\t<div class=\"elementor-column elementor-col-50 elementor-top-column elementor-element elementor-element-4d1b7477 exad-glass-effect-no exad-sticky-section-no\" data-id=\"4d1b7477\" data-element_type=\"column\" data-e-type=\"column\" data-settings=\"{&quot;background_background&quot;:&quot;classic&quot;}\">\n\t\t\t<div class=\"elementor-widget-wrap elementor-element-populated\">\n\t\t\t\t\t\t<div class=\"elementor-element elementor-element-4396a21 exad-sticky-section-no exad-glass-effect-no elementor-widget elementor-widget-text-editor\" data-id=\"4396a21\" data-element_type=\"widget\" data-e-type=\"widget\" data-widget_type=\"text-editor.default\">\n\t\t\t\t\t\t\t\t\t<p>BIB GmbH &amp; Co. KG<\/p><p>Tel.::<a href=\"http:\/\/+49%2030%208093319-77\/\">\u00a0+49 30 8093319-77<\/a><\/p><p>Fax:\u00a0<a href=\"tel:+4930809331979\">+49 30 8093319-79<\/a><\/p><p>E-Mail:\u00a0<a href=\"mailto:info@leunaer7.de\">info@leunaer7.de<\/a><\/p>\t\t\t\t\t\t\t\t<\/div>\n\t\t\t\t<div class=\"elementor-element elementor-element-921bcf9 exad-sticky-section-no exad-glass-effect-no elementor-widget elementor-widget-heading\" data-id=\"921bcf9\" data-element_type=\"widget\" data-e-type=\"widget\" data-widget_type=\"heading.default\">\n\t\t\t\t\t<div class=\"elementor-heading-title elementor-size-default\">KONZEPT &amp; UMSETZUNG<\/div>\t\t\t\t<\/div>\n\t\t\t\t<div class=\"elementor-element elementor-element-ec8057d exad-sticky-section-no exad-glass-effect-no elementor-widget elementor-widget-image\" data-id=\"ec8057d\" data-element_type=\"widget\" data-e-type=\"widget\" data-widget_type=\"image.default\">\n\t\t\t\t\t\t\t\t\t\t\t\t\t\t\t<img decoding=\"async\" src=\"http:\/\/localhost:8080\/leuna7\/wp-content\/uploads\/2022\/01\/veovia-Logo-W.png\" title=\"\" alt=\"\" loading=\"lazy\" \/>\t\t\t\t\t\t\t\t\t\t\t\t\t\t\t<\/div>\n\t\t\t\t<div class=\"elementor-element elementor-element-961b738 exad-sticky-section-no exad-glass-effect-no elementor-widget elementor-widget-text-editor\" data-id=\"961b738\" data-element_type=\"widget\" data-e-type=\"widget\" data-widget_type=\"text-editor.default\">\n\t\t\t\t\t\t\t\t\t<p>SichtKraft GmbH<\/p><p>Ahornweg 6<\/p><p>D &#8211; 88436 Eberhardzell<\/p><p>TeL.: <a href=\"tel:004973556370111\">+49 (0)7355 6370111<\/a><\/p><p>E-Mail:\u00a0<a href=\"mailto:info@sichtkraft.de\">info@sichtkraft.de<\/a><\/p><p>Webseite: <a href=\"http:\/\/www.sichtkraft.de\">www.sichtkraft.de<\/a><\/p>\t\t\t\t\t\t\t\t<\/div>\n\t\t\t\t\t<\/div>\n\t\t<\/div>\n\t\t\t\t\t<\/div>\n\t\t<\/section>\n\t\t\t\t<\/div>\n\t\t","protected":false},"excerpt":{"rendered":"<p>IMPRESSUM Impressum Betreiber gem\u00e4\u00df \u00a75 TM BIB GmbH &amp; Co. KGAhornweg 6\u00a0D &#8211; 88436 EberhardzellVertreten durch:BIB Komplement\u00e4r GmbH, Gesch\u00e4ftsf\u00fchrer Rainer MayerhoferUmsatzsteuer-ID-Nr.:DE281079016Registereintrag:Eintragung im Handelsregister, Amtsgericht Ulm (HRA 722732). BIB GmbH &amp; Co. KG Tel.::\u00a0+49 30 8093319-77 Fax:\u00a0+49 30 8093319-79 E-Mail:\u00a0info@leunaer7.de KONZEPT &amp; UMSETZUNG SichtKraft GmbH Ahornweg 6 D &#8211; 88436 Eberhardzell TeL.: +49 (0)7355 6370111 E-Mail:\u00a0info@sichtkraft.de [&hellip;]<\/p>\n","protected":false},"author":1,"featured_media":0,"parent":0,"menu_order":0,"comment_status":"closed","ping_status":"closed","template":"elementor_header_footer","meta":{"footnotes":""},"class_list":["post-1983","page","type-page","status-publish","hentry"],"yoast_head":"<!-- This site is optimized with the Yoast SEO plugin v27.6 - https:\/\/yoast.com\/product\/yoast-seo-wordpress\/ -->\n<title>Impressum - LEUNAER7<\/title>\n<meta name=\"robots\" content=\"index, follow, max-snippet:-1, max-image-preview:large, max-video-preview:-1\" \/>\n<link rel=\"canonical\" href=\"https:\/\/leunaer7.de\/home\/impressum\/\" \/>\n<meta property=\"og:locale\" content=\"de_DE\" \/>\n<meta property=\"og:type\" content=\"article\" \/>\n<meta property=\"og:title\" content=\"Impressum - LEUNAER7\" \/>\n<meta property=\"og:description\" content=\"IMPRESSUM Impressum Betreiber gem\u00e4\u00df \u00a75 TM BIB GmbH &amp; Co. KGAhornweg 6\u00a0D &#8211; 88436 EberhardzellVertreten durch:BIB Komplement\u00e4r GmbH, Gesch\u00e4ftsf\u00fchrer Rainer MayerhoferUmsatzsteuer-ID-Nr.:DE281079016Registereintrag:Eintragung im Handelsregister, Amtsgericht Ulm (HRA 722732). BIB GmbH &amp; Co. KG Tel.::\u00a0+49 30 8093319-77 Fax:\u00a0+49 30 8093319-79 E-Mail:\u00a0info@leunaer7.de KONZEPT &amp; UMSETZUNG SichtKraft GmbH Ahornweg 6 D &#8211; 88436 Eberhardzell TeL.: +49 (0)7355 6370111 E-Mail:\u00a0info@sichtkraft.de [&hellip;]\" \/>\n<meta property=\"og:url\" content=\"https:\/\/leunaer7.de\/home\/impressum\/\" \/>\n<meta property=\"og:site_name\" content=\"LEUNAER7\" \/>\n<meta property=\"article:publisher\" content=\"https:\/\/www.facebook.com\/Leunaer7\/\" \/>\n<meta property=\"article:modified_time\" content=\"2024-09-05T08:38:41+00:00\" \/>\n<meta property=\"og:image\" content=\"http:\/\/localhost:8080\/leuna7\/wp-content\/uploads\/2022\/01\/veovia-Logo-W.png\" \/>\n<meta name=\"twitter:card\" content=\"summary_large_image\" \/>\n<meta name=\"twitter:label1\" content=\"Gesch\u00e4tzte Lesezeit\" \/>\n\t<meta name=\"twitter:data1\" content=\"1\u00a0Minute\" \/>\n<script type=\"application\/ld+json\" class=\"yoast-schema-graph\">{\"@context\":\"https:\\\/\\\/schema.org\",\"@graph\":[{\"@type\":\"WebPage\",\"@id\":\"https:\\\/\\\/leunaer7.de\\\/home\\\/impressum\\\/\",\"url\":\"https:\\\/\\\/leunaer7.de\\\/home\\\/impressum\\\/\",\"name\":\"Impressum - LEUNAER7\",\"isPartOf\":{\"@id\":\"https:\\\/\\\/leunaer7.de\\\/home\\\/#website\"},\"primaryImageOfPage\":{\"@id\":\"https:\\\/\\\/leunaer7.de\\\/home\\\/impressum\\\/#primaryimage\"},\"image\":{\"@id\":\"https:\\\/\\\/leunaer7.de\\\/home\\\/impressum\\\/#primaryimage\"},\"thumbnailUrl\":\"http:\\\/\\\/localhost:8080\\\/leuna7\\\/wp-content\\\/uploads\\\/2022\\\/01\\\/veovia-Logo-W.png\",\"datePublished\":\"2022-01-24T19:32:31+00:00\",\"dateModified\":\"2024-09-05T08:38:41+00:00\",\"breadcrumb\":{\"@id\":\"https:\\\/\\\/leunaer7.de\\\/home\\\/impressum\\\/#breadcrumb\"},\"inLanguage\":\"de\",\"potentialAction\":[{\"@type\":\"ReadAction\",\"target\":[\"https:\\\/\\\/leunaer7.de\\\/home\\\/impressum\\\/\"]}]},{\"@type\":\"ImageObject\",\"inLanguage\":\"de\",\"@id\":\"https:\\\/\\\/leunaer7.de\\\/home\\\/impressum\\\/#primaryimage\",\"url\":\"http:\\\/\\\/localhost:8080\\\/leuna7\\\/wp-content\\\/uploads\\\/2022\\\/01\\\/veovia-Logo-W.png\",\"contentUrl\":\"http:\\\/\\\/localhost:8080\\\/leuna7\\\/wp-content\\\/uploads\\\/2022\\\/01\\\/veovia-Logo-W.png\"},{\"@type\":\"BreadcrumbList\",\"@id\":\"https:\\\/\\\/leunaer7.de\\\/home\\\/impressum\\\/#breadcrumb\",\"itemListElement\":[{\"@type\":\"ListItem\",\"position\":1,\"name\":\"Startseite\",\"item\":\"https:\\\/\\\/leunaer7.de\\\/home\\\/\"},{\"@type\":\"ListItem\",\"position\":2,\"name\":\"Impressum\"}]},{\"@type\":\"WebSite\",\"@id\":\"https:\\\/\\\/leunaer7.de\\\/home\\\/#website\",\"url\":\"https:\\\/\\\/leunaer7.de\\\/home\\\/\",\"name\":\"leunaer7\",\"description\":\"B\u00fcros &amp; B\u00fcrofl\u00e4chen mieten Berlin Marzahn\",\"publisher\":{\"@id\":\"https:\\\/\\\/leunaer7.de\\\/home\\\/#organization\"},\"potentialAction\":[{\"@type\":\"SearchAction\",\"target\":{\"@type\":\"EntryPoint\",\"urlTemplate\":\"https:\\\/\\\/leunaer7.de\\\/home\\\/?s={search_term_string}\"},\"query-input\":{\"@type\":\"PropertyValueSpecification\",\"valueRequired\":true,\"valueName\":\"search_term_string\"}}],\"inLanguage\":\"de\"},{\"@type\":\"Organization\",\"@id\":\"https:\\\/\\\/leunaer7.de\\\/home\\\/#organization\",\"name\":\"leunaer7\",\"url\":\"https:\\\/\\\/leunaer7.de\\\/home\\\/\",\"logo\":{\"@type\":\"ImageObject\",\"inLanguage\":\"de\",\"@id\":\"https:\\\/\\\/leunaer7.de\\\/home\\\/#\\\/schema\\\/logo\\\/image\\\/\",\"url\":\"https:\\\/\\\/leunaer7.de\\\/wp-content\\\/uploads\\\/2022\\\/01\\\/L7_logo_web.jpg\",\"contentUrl\":\"https:\\\/\\\/leunaer7.de\\\/wp-content\\\/uploads\\\/2022\\\/01\\\/L7_logo_web.jpg\",\"width\":800,\"height\":230,\"caption\":\"leunaer7\"},\"image\":{\"@id\":\"https:\\\/\\\/leunaer7.de\\\/home\\\/#\\\/schema\\\/logo\\\/image\\\/\"},\"sameAs\":[\"https:\\\/\\\/www.facebook.com\\\/Leunaer7\\\/\",\"https:\\\/\\\/www.youtube.com\\\/watch?v=Z6kbJFPc1zs\"]}]}<\/script>\n<!-- \/ Yoast SEO plugin. -->","yoast_head_json":{"title":"Impressum - LEUNAER7","robots":{"index":"index","follow":"follow","max-snippet":"max-snippet:-1","max-image-preview":"max-image-preview:large","max-video-preview":"max-video-preview:-1"},"canonical":"https:\/\/leunaer7.de\/home\/impressum\/","og_locale":"de_DE","og_type":"article","og_title":"Impressum - LEUNAER7","og_description":"IMPRESSUM Impressum Betreiber gem\u00e4\u00df \u00a75 TM BIB GmbH &amp; Co. KGAhornweg 6\u00a0D &#8211; 88436 EberhardzellVertreten durch:BIB Komplement\u00e4r GmbH, Gesch\u00e4ftsf\u00fchrer Rainer MayerhoferUmsatzsteuer-ID-Nr.:DE281079016Registereintrag:Eintragung im Handelsregister, Amtsgericht Ulm (HRA 722732). BIB GmbH &amp; Co. KG Tel.::\u00a0+49 30 8093319-77 Fax:\u00a0+49 30 8093319-79 E-Mail:\u00a0info@leunaer7.de KONZEPT &amp; UMSETZUNG SichtKraft GmbH Ahornweg 6 D &#8211; 88436 Eberhardzell TeL.: +49 (0)7355 6370111 E-Mail:\u00a0info@sichtkraft.de [&hellip;]","og_url":"https:\/\/leunaer7.de\/home\/impressum\/","og_site_name":"LEUNAER7","article_publisher":"https:\/\/www.facebook.com\/Leunaer7\/","article_modified_time":"2024-09-05T08:38:41+00:00","og_image":[{"url":"http:\/\/localhost:8080\/leuna7\/wp-content\/uploads\/2022\/01\/veovia-Logo-W.png","type":"","width":"","height":""}],"twitter_card":"summary_large_image","twitter_misc":{"Gesch\u00e4tzte Lesezeit":"1\u00a0Minute"},"schema":{"@context":"https:\/\/schema.org","@graph":[{"@type":"WebPage","@id":"https:\/\/leunaer7.de\/home\/impressum\/","url":"https:\/\/leunaer7.de\/home\/impressum\/","name":"Impressum - LEUNAER7","isPartOf":{"@id":"https:\/\/leunaer7.de\/home\/#website"},"primaryImageOfPage":{"@id":"https:\/\/leunaer7.de\/home\/impressum\/#primaryimage"},"image":{"@id":"https:\/\/leunaer7.de\/home\/impressum\/#primaryimage"},"thumbnailUrl":"http:\/\/localhost:8080\/leuna7\/wp-content\/uploads\/2022\/01\/veovia-Logo-W.png","datePublished":"2022-01-24T19:32:31+00:00","dateModified":"2024-09-05T08:38:41+00:00","breadcrumb":{"@id":"https:\/\/leunaer7.de\/home\/impressum\/#breadcrumb"},"inLanguage":"de","potentialAction":[{"@type":"ReadAction","target":["https:\/\/leunaer7.de\/home\/impressum\/"]}]},{"@type":"ImageObject","inLanguage":"de","@id":"https:\/\/leunaer7.de\/home\/impressum\/#primaryimage","url":"http:\/\/localhost:8080\/leuna7\/wp-content\/uploads\/2022\/01\/veovia-Logo-W.png","contentUrl":"http:\/\/localhost:8080\/leuna7\/wp-content\/uploads\/2022\/01\/veovia-Logo-W.png"},{"@type":"BreadcrumbList","@id":"https:\/\/leunaer7.de\/home\/impressum\/#breadcrumb","itemListElement":[{"@type":"ListItem","position":1,"name":"Startseite","item":"https:\/\/leunaer7.de\/home\/"},{"@type":"ListItem","position":2,"name":"Impressum"}]},{"@type":"WebSite","@id":"https:\/\/leunaer7.de\/home\/#website","url":"https:\/\/leunaer7.de\/home\/","name":"leunaer7","description":"B\u00fcros &amp; B\u00fcrofl\u00e4chen mieten Berlin Marzahn","publisher":{"@id":"https:\/\/leunaer7.de\/home\/#organization"},"potentialAction":[{"@type":"SearchAction","target":{"@type":"EntryPoint","urlTemplate":"https:\/\/leunaer7.de\/home\/?s={search_term_string}"},"query-input":{"@type":"PropertyValueSpecification","valueRequired":true,"valueName":"search_term_string"}}],"inLanguage":"de"},{"@type":"Organization","@id":"https:\/\/leunaer7.de\/home\/#organization","name":"leunaer7","url":"https:\/\/leunaer7.de\/home\/","logo":{"@type":"ImageObject","inLanguage":"de","@id":"https:\/\/leunaer7.de\/home\/#\/schema\/logo\/image\/","url":"https:\/\/leunaer7.de\/wp-content\/uploads\/2022\/01\/L7_logo_web.jpg","contentUrl":"https:\/\/leunaer7.de\/wp-content\/uploads\/2022\/01\/L7_logo_web.jpg","width":800,"height":230,"caption":"leunaer7"},"image":{"@id":"https:\/\/leunaer7.de\/home\/#\/schema\/logo\/image\/"},"sameAs":["https:\/\/www.facebook.com\/Leunaer7\/","https:\/\/www.youtube.com\/watch?v=Z6kbJFPc1zs"]}]}},"_links":{"self":[{"href":"https:\/\/leunaer7.de\/home\/wp-json\/wp\/v2\/pages\/1983","targetHints":{"allow":["GET"]}}],"collection":[{"href":"https:\/\/leunaer7.de\/home\/wp-json\/wp\/v2\/pages"}],"about":[{"href":"https:\/\/leunaer7.de\/home\/wp-json\/wp\/v2\/types\/page"}],"author":[{"embeddable":true,"href":"https:\/\/leunaer7.de\/home\/wp-json\/wp\/v2\/users\/1"}],"replies":[{"embeddable":true,"href":"https:\/\/leunaer7.de\/home\/wp-json\/wp\/v2\/comments?post=1983"}],"version-history":[{"count":0,"href":"https:\/\/leunaer7.de\/home\/wp-json\/wp\/v2\/pages\/1983\/revisions"}],"wp:attachment":[{"href":"https:\/\/leunaer7.de\/home\/wp-json\/wp\/v2\/media?parent=1983"}],"curies":[{"name":"wp","href":"https:\/\/api.w.org\/{rel}","templated":true}]}}